ivisor of b and l?
13
Let z(l) = 31*l + 28. Let x be z(2). Suppose 0 = 26*i - 32*i + x. What is the greatest common factor of 30 and i?
15
Suppose 5*u - 4*s - 49252 = -2*s, u + s = 9856. Let r be u/48 + 2/(-8). What is the highest common divisor of r and 41?
41
Let v = -19 + 76. Suppose 165*s - 10787 = -2328 + 29161. Calculate the highest common divisor of v and s.
57
Suppose 0 = -5*h + 3*v + 1356, 0 = h + 4*h + 5*v - 1340. Suppose -3518 = -8*g - h. What is the greatest common factor of g and 14?
14
Suppose 4*j = -5*u + 1373, -2*u + 5*u = j + 817. Suppose -1 = -o - 4*c, -37*c + 37 = 2*o - 36*c. Calculate the greatest common divisor of u and o.
21
Let d = -14 - -19. Suppose 4*h + d + 39 = 0. Let g = 32 + h. What is the greatest common divisor of g and 7?
7
Suppose -2*v - v = 4*j - 12, j - 29 = -4*v. Suppose -v*m + 90 = -2*m. Suppose -730 + 100 = -m*u. Calculate the highest common factor of 63 and u.
21
Let a(f) = f**3 - 26*f**2 + 41*f + 58. Let p be a(25). Suppose l = -12*j + 14*j + 138, -3*l = 5*j - p. What is the greatest common divisor of 2 and l?
2
Suppose 2*t - 76 = p, -18 - 109 = -3*t - 5*p. Calculate the greatest common divisor of t and 60.
3
Let v = 48 + -86. Let k = 49 + v. Let w be 4/(-14) - k/(539/(-1974)). Calculate the greatest common divisor of w and 440.
40
Suppose 2*y - 128 - 82 = 0. Let z be (72/(-28))/(-3)*y. Suppose 11*a = 5*a + z. Calculate the highest common divisor of 105 and a.
15
Let d(a) = -16*a + 1520. Let n be d(14). Calculate the highest common divisor of n and 1584.
144
Let b be (92/12)/(2/36). Suppose -4*m = 2*x - m - 98, 0 = 5*x + m - 232. What is the greatest common factor of x and b?
46
Let x be ((-9)/(-27))/(15/(-9) - -2). Let l be (41 + -47)*(x - 8/3). Calculate the greatest common factor of 120 and l.
10
Let p(h) = 5*h - 61. Let z be p(25). Let y(m) = 77*m + 3. Let l be y(1). Calculate the greatest common divisor of z and l.
16
Suppose 0 = 2*g - 0*g + 2*n - 1002, -996 = -2*g - 4*n. Let v = 39886 + -39862. Calculate the greatest common divisor of v and g.
24
Suppose 86 - 229 = -17*a + 95. What is the highest common factor of a and 3353?
7
Suppose -8*g = -6*g - 4*f + 58, 5*g + 103 = -4*f. Let l = 93 + g. Calculate the highest common divisor of l and 10.
10
Suppose -2*j = 3*j - 5. Let z be j*(-4 + (0 - -33)). Suppose -5*h + 54 = -0*x + x, -3*h = 4*x - z. Calculate the highest common divisor of 1 and h.
1
Let s = 296 + -258. Suppose -s*g = -44*g + 1020. What is the highest common factor of g and 136?
34
Suppose -19*x - 24*x = -120659 - 167441. What is the highest common factor of 67 and x?
67
Let w = 1015 - 615. Suppose 0*u + 20*u - w = 0. What is the highest common factor of u and 220?
20
Suppose 0 = 3*j + 28*y - 147 - 293, 20 = -5*y. What is the greatest common factor of 13984 and j?
184
Suppose -3*a = -y - 30, 3*a + 2*a - 46 = 3*y. Let n be (-19)/(-266) - (-3541)/14. What is the highest common divisor of a and n?
11
Let u = 337 - 812. Let t = -427 - u. Calculate the highest common divisor of t and 176.
16
Let s(g) = g + 1. Suppose 7 - 1 = o. Let h(a) = -9*a + 20. Let c(f) = o*s(f) + h(f). Let x be c(6). Calculate the greatest common divisor of 12 and x.
4
Let x be 1*-3*91*58/(-21). What is the highest common divisor of 58 and x?
58
Suppose -5*c = 845 + 880. Let n = 389 + c. Calculate the highest common factor of n and 44.
44
Let p(i) = i**3 - i**2 + 8*i + 7. Let x be p(-5). Let o = -120 - x. Calculate the greatest common divisor of 168 and o.
21
Let r be ((-98)/8)/(4*27/(-432)). Let o(k) = 85*k**2 - 3*k - 3. Let u be o(-2). What is the greatest common factor of r and u?
49
Let n = 50 + -5. Let s = 16693 + -16688. Calculate the greatest common factor of n and s.
5
Suppose 461 - 157 = 5*h - h. Calculate the highest common divisor of 2432 and h.
76
Let z(w) = w**2 + 2. Let u be z(-3). Suppose 2*s = -1836 + 1858. What is the highest common factor of u and s?
11
Suppose 0 = -26*z + 21*z + 3*i + 19222, -2*z = -4*i - 7700. What is the greatest common divisor of z and 68?
34
Suppose -2*i + 3*z = -110, -241 = -5*i + 2*z + 23. Let d be (i/16 - 3) + (-3718)/(-8). What is the greatest common divisor of 15 and d?
15
Suppose 0 = 4*v + 2*i - 132, 12*i = -v + 7*i + 15. Let x be (v/10 + -4)/((-2)/324). What is the greatest common divisor of 54 and x?
27
Let n(f) = -50*f + 10. Let w(p) = -6*p - 33. Let b be (-1*8 + -2)*(-8)/(-16). Let x be w(b). Let u be n(x). What is the greatest common factor of 16 and u?
16
Let j be 1 + 145 - (-6)/(-3). Suppose -12*c + 42*c + 360 = 0. Let v be ((30 + c)/(-6))/(1/(-3)). What is the greatest common divisor of v and j?
9
Suppose -3*w - 2*n + 104 = 0, 0*w - 3*w = 5*n - 89. Let q be (11/(-77) - 18/(-28))*-514. Let a = -143 - q. What is the greatest common factor of a and w?
38
Let o(k) = 191*k**2 - 265*k + 525. Let a be o(2). Calculate the greatest common divisor of a and 1311.
69
Suppose -2*r = r, 3*t = 5*r. Suppose z = -3*u + 240 + 24, -5*u - 3*z + 440 = t. Suppose -27*w + 88 = -19*w. What is the highest common divisor of w and u?
11
Let x = -2499 - -2715. What is the greatest common factor of 54 and x?
54
Suppose i - 5 = 0, -2*i + 77 = 3*o - 65. Suppose -22 = -2*d, n + 991*d - 77 = 992*d. What is the highest common divisor of o and n?
44
Let u = -75 - -157. Let m be -16 - ((-14 - -23) + -599). What is the greatest common divisor of u and m?
82
Suppose 0*r - 7*r + 1477 = 0. Suppose -248 = -9*f + r. Suppose 5*w = -3*u + 30, -4*w + 4*u = u - f. What is the greatest common divisor of 6 and w?
3
Let s be ((-14)/(-5))/((56/44000)/7). What is the highest common divisor of s and 110?
110
Let c be 161/14*18/(3 + 6). What is the greatest common divisor of 23 and c?
23
Suppose 17*c = 22*c - 130. Suppose 0*g = -c*g + 4004. Let a be 2/(-8) - (-178)/8. Calculate the greatest common factor of g and a.
22
Let n be (-6)/(-14) + 1650/70. Let v = -78 + 86. What is the greatest common factor of v and n?
8
Suppose 0*g - 45*g = -4050. What is the greatest common factor of 2556 and g?
18
Let g(b) = 48*b**2 - 36*b - 69. Let f be g(-3). What is the highest common factor of 1099 and f?
157
Suppose -m - 4*m = -z - 19, z + 15 = 4*m. Suppose -4*g - 145 = -m*t + g, -3*g + 9 = 0. Calculate the greatest common factor of t and 190.
10
Let h(q) = 386*q + 6790. Let y be h(-15). What is the highest common divisor of 2150 and y?
50
Suppose 98 = -0*s + s. Let r = -2 - -20. Let m be ((-21)/(-4))/(r/48). What is the greatest common divisor of s and m?
14
Suppose -18*n - 129 = 231. Let v be (-4)/24*n*18. Calculate the greatest common factor of 45 and v.
15
Let g(r) = -4*r - 20. Let m be g(-8). Suppose 0 = -3*c, -4*d - c = -2*c - m. Calculate the greatest common factor of d and 87.
3
Let i be -1482*(40/(-25) + 3 - (-248)/(-120)). Calculate the greatest common divisor of i and 7657.
247
Suppose 2*g - 4*g + 10 = 0. Let q(w) = -2*w**3 - 3*w**2 + 18*w + 33. Let x be q(-2). Calculate the highest common factor of g and x.
1
Let b(h) = -9*h - 60. Let r(s) = -2*s - 1. Let f(g) = -b(g) + r(g). Let p be f(-7). What is the greatest common divisor of 370 and p?
10
Let f be (1/(-2) - -1)*48. Suppose -2*b = -4, -4*z + 2*b + f = -0*b. Let q be (0 - 2)/(5*4/(-770)). What is the highest common factor of q and z?
7
Suppose 0 = -2*p - 0 + 10. Suppose -p*b + 729 - 14 = 0. Let m = -379291 + 379304. What is the highest common factor of b and m?
13
Let u(s) be the third derivative of -s**6/60 + 11*s**5/60 + s**4/4 + s**3 + 31*s**2. Let f be u(6). What is the greatest common factor of f and 222?
6
Let z = -104 - 184. Let x = 295 + z. Calculate the greatest common divisor of 7 and x.
7
Let k be (-28)/(4 - 0) - (-30)/6. Let j be (-7 - -9) + (-10)/k. Let t(i) = -11*i + 5. Let s be t(-4). What is the highest common factor of s and j?
7
Suppose 2*m + 265 = p - 823, 0 = -4*p + 3*m + 4307. What is the highest common divisor of p and 2889?
107
Let y(s) = 129 + 32*s - 11*s - 9*s + 3*s. Let r be y(-6). Calculate the highest common divisor of r and 39.
39
Let o(x) = x**3 - 23*x**2 - 25*x - 60. Let s be o(26). Calculate the greatest common divisor of s and 2.
2
Let h(t) = -8*t**2 - 7*t - 4. Let y be h(9). Let v be y/(-4) + 225/180. What is the highest common divisor of 45 and v?
45
Suppose 2*a - 4*y + 21 = -7*y, y - 5 = 0. Let p be (-12)/a*27 + -2. What is the grea